 factors of t?
2, 97
Let j(k) = 67 + 23*k + 68 + 4*k**2 - 146. What are the prime factors of j(-11)?
2, 5, 11
Let s(o) = -2*o**2 + 48*o + 44. Let k be s(25). Let j(y) = -31*y + 140. List the prime factors of j(k).
2, 163
Let r = 11558 + 1589. List the prime factors of r.
13147
Suppose 0*c - 15 = 3*c + 5*h, c + 5*h = -15. Let n be (6*15)/((-4)/(-116)). What are the prime factors of (c + 1/(-3))/((-10)/n)?
3, 29
Suppose 4*i = -97*q + 93*q + 104072, 0 = -4*q - 2*i + 104082. What are the prime factors of q?
53, 491
Suppose -f = -4*i + 339, 5*i = 2*f + 423 - 0. Suppose i*b - 2002 = 71*b. What are the prime factors of b?
11, 13
Let c be (-4)/(-12) + 125/3. Let i = c + -42. Suppose 2*o + 8 = -i, -280 = -4*y + 3*o. List the prime factors of y.
67
Let x = 120581 - 71132. What are the prime factors of x?
3, 53, 311
Let s = 2351 + 2324. List the prime factors of s.
5, 11, 17
Suppose 0 = 3*g, -20*s + 16*s = 4*g - 28764. List the prime factors of s.
3, 17, 47
Let l = -21 + 21. Suppose 3*q - 6*q + 6 = l. Suppose 141 = 7*n - q*n + 4*c, 2*n - 66 = -4*c. What are the prime factors of n?
5
Suppose -291*d + 307*d - 10368 = 0. What are the prime factors of d?
2, 3
Let g = -44 + 46. Suppose -6*a - g*a = -3464. What are the prime factors of a?
433
Suppose -2*p - 5*z = -9*z - 10588, 2*z - 15874 = -3*p. Suppose p = -230*y + 242*y. What are the prime factors of y?
3, 7
Let d(f) be the first derivative of -f**4/4 - 14*f**3/3 + 7*f**2 - 6*f + 46. Let q = -13 - 2. List the prime factors of d(q).
3
Let l(k) = 23*k**3 + 49*k**2 + 14*k - 106. What are the prime factors of l(7)?
2, 53, 97
Suppose 2*q - 8729 = -5*c, -c + 18512 = 4*q + 1063. What are the prime factors of q?
2, 3, 727
Let w(i) = -1861*i**3 + 23*i**2 - i + 6. What are the prime factors of w(-3)?
3, 7, 89
Let g(o) = 604*o - 2091. List the prime factors of g(45).
3, 8363
Let z(w) = 2*w**3 - 5*w - 22. Suppose -46*l = -61*l + 105. What are the prime factors of z(l)?
17, 37
Suppose -5*f + 2*b - 5*b + 3495 = 0, 2*b = 0. What are the prime factors of f/1 - 245/35?
2, 173
Suppose -x = 4*x + 5*h - 800, 0 = -4*x - 2*h + 636. Let s = -107 + x. What are the prime factors of s?
3, 17
Suppose -11*w + 7*w = -5*c + 22423, -4*c + 4*w + 17936 = 0. What are the prime factors of c?
7, 641
Let t(b) = -b - 18. Let x be t(-14). Let m(n) be the third derivative of -n**6/120 + n**5/15 + 5*n**4/24 - n**3/3 - 5*n**2. What are the prime factors of m(x)?
2, 53
Suppose -3*c = -5*s + 35 + 39, 3*c - 2*s = -62. Let g = 24 + c. Suppose -5*f = -5*m + 300, -m = 3*f - 62 - g. List the prime factors of m.
2, 31
Suppose 0 = 4*y - 5*k + 3, -4*y + 6*k - 8*k + 18 = 0. Suppose 0 = 3*r + y, 3*i = -2*r + r - 7. What are the prime factors of 2/i - 3 - 1638/(-39)?
2, 19
Let d(g) = 14*g + 20. Let u be d(0). Suppose 0*y = -u*y + 11220. List the prime factors of y.
3, 11, 17
Let y(h) = 40*h - 5. Let o be y(-2). Let v = 147 + o. List the prime factors of v.
2, 31
Suppose 0 = 3*x - x + 2*x. Suppose 3*z + h - 586 = 0, x = -3*h - 21 + 6. Let n = z - 107. What are the prime factors of n?
2, 3, 5
Let f(c) = -43*c + 19 - 3*c**3 + 0*c**3 + 57*c. List the prime factors of f(-5).
2, 3
Let i(q) = 43*q**2 - 686*q + 56. List the prime factors of i(25).
9781
Suppose -3*l + 2*z + 1904 = 0, -5*z = -186 + 161. List the prime factors of l.
2, 11, 29
Let r(y) = 4564*y**3 - 3*y**2 + 290*y - 576. What are the prime factors of r(2)?
2, 3, 13
Suppose m + 147 = 4*v, -v - 5*m + 139 = 2*v. Let y = 86 - v. List the prime factors of 64/y*51/2.
2, 17
Let a = -38 - -62. Let m be a/(-156) + (-171)/(-13). Suppose -f + m = i - 1, i - 24 = -3*f. What are the prime factors of i?
3
Let w(u) = 502*u**2 - 8*u + 9. Let l(g) = -1003*g**2 + 17*g - 20. Let h(b) = 2*l(b) + 5*w(b). What are the prime factors of h(1)?
503
Let j = 7299 + -3413. List the prime factors of j.
2, 29, 67
Let x(c) = -12*c**2 - 6*c + 1. Let t(k) = -k**2 - k. Let d(z) = 6*t(z) - x(z). Let r be d(2). Suppose -219 = r*p - 26*p. List the prime factors of p.
73
Let a(y) = -y**3 + 26*y**2 + 10*y + 64. Let t = 227 + -201. What are the prime factors of a(t)?
2, 3
Let g be (-9)/12*(2/3 + -2). List the prime factors of (-9 - -14) + -2 - (g - 424).
2, 3, 71
Let m(x) = 58*x**2 - 281*x - 2510. List the prime factors of m(-9).
53, 89
Suppose 2598242 - 4411732 = -389*i + 4726378. What are the prime factors of i?
2, 3, 467
Suppose -39 = -2*k + 51. Let l = 609 + k. List the prime factors of l.
2, 3, 109
Suppose 0 = -19*i + 3*i - 24752. Let l = -1057 - i. List the prime factors of l.
2, 5, 7
Let l = 1982 + 412. Suppose -14*o + 826 = -l. List the prime factors of o.
2, 5, 23
Let q(p) = 7*p**2 - 5*p - 9. Let b(l) = 85 + 3*l - 3*l + l**3 - 2*l - 88 + l**2. Let d be b(2). List the prime factors of q(d).
3, 47
Let j be 1 + (-10)/4 + 689/106. Suppose -22*c - j*b + 2427 = -18*c, -2*b = 10. List the prime factors of c.
613
Suppose 14*f - 15*f - 5*z = -28, -8 = -f - z. Suppose f*w - 239 = -4*h, 5*h - 390 = 4*w - 68. What are the prime factors of h?
2, 31
Let q(t) = 5*t**2 + 10*t - 879. What are the prime factors of q(39)?
2, 3, 593
Let w = 97 - 97. Suppose 0 = -3*o + 5*y - 71, -5*o - 5*y = -w*y + 145. Let i = 35 + o. What are the prime factors of i?
2
Suppose -4*k = 9*h - 10658, -52*k - 3*h + 2663 = -51*k. What are the prime factors of k?
17, 157
Suppose 7*o - 41 = -69. List the prime factors of ((-126)/o)/((-6)/(-112)).
2, 3, 7
Suppose -11*u = -10*u - g - 21, -4*u = -3*g - 81. Suppose 19*a - u*a = -2*r + 149, 0 = 5*r - 2*a - 350. What are the prime factors of r?
2, 3
Let g(u) be the second derivative of -u**5/20 + 5*u**4/6 - 8*u**3/3 - u**2 + 16*u. Let l be g(7). Let y = 67 + l. List the prime factors of y.
2, 5
Suppose 30*s = 3*h + 25*s + 26, 5*h = -s - 62. List the prime factors of 1042*h/(-16)*8/6.
2, 521
Let m(t) = 2*t + 6 + 4 - t - 3. Let f be m(9). Suppose f = -6*o + 94. List the prime factors of o.
13
Let g be ((-6)/(-8) + (-27)/(-12))*1. Suppose 9 + 0 = g*j. Suppose 2*w - 584 = -j*w + 3*y, 126 = w + 4*y. List the prime factors of w.
2, 59
Suppose 4*p = 5*m - 4, 0 = 4*p + 4*m - 14 + 54. Let t be p/4*8/(-3). Suppose t*r = 5*c - 192, -72 = -3*c + r + 46. List the prime factors of c.
2, 5
Let f(i) = -2*i**2 + 27*i - 10. Let x be f(13). What are the prime factors of 1 - ((-2472)/4)/x?
3, 23
Let x(b) = -b**3 - 3*b**2 + 35*b - 160. What are the prime factors of x(-20)?
2, 3, 5, 11
Suppose 3*m - 5 = -o + 7, 2*m = 2*o. Suppose 8 = -m*t + 14. Suppose k - 3*p - 36 = 0, 4*p = 2*k + t*k - 128. What are the prime factors of k?
2, 3, 5
Let z be ((-15864)/60)/(2/(-30)). Suppose 11*x - 17*x = -z. What are the prime factors of x?
661
What are the prime factors of 6/(-4)*(-4467)/(-6)*-12 + -2?
13399
Let s = -118 + 110. List the prime factors of s/(-4 + 2) + 134.
2, 3, 23
Suppose s - 3*m - 11 = 0, 3*s + 0*m - 3 = -m. Let k(t) = -13*t**2 + 11*t**2 + 3*t + 19*t**s + 0 - 5. List the prime factors of k(2).
3, 23
Suppose 7*g - 10*g + d + 4 = 0, 2*g + d = 11. Suppose -2*k - 5*o + 12 = -87, 3*k = -g*o + 171. List the prime factors of k.
2, 31
Let p be 5/(-80)*-8 + (-2)/(-4). List the prime factors of (p/(-1))/((-29)/10411).
359
Let r(v) = -42*v + 216. Let p be r(5). Suppose 0 = -12*s - p*s + 5022. What are the prime factors of s?
3, 31
Suppose q + 0*g = -2*g + 4254, 5*q - g = 21226. Suppose -4*c = -l - 4247, 33*l = 4*c + 31*l - q. List the prime factors of c.
2, 3, 59
Let x be 2/(-7) - 3*(-126)/(-49). Let t(p) = p**2 + 10*p + 19. Let i be t(x). Suppose i*u - 199 - 14 = 0. What are the prime factors of u?
71
Let v(c) = -1114*c - 3260. What are the prime factors of v(-7)?
2, 2269
Suppose 2*c = -4, -4*c + 292 = 2*a + a. Let d = -60 + a. What are the prime factors of 608/d*(-3 + 8)?
2, 19
Let v(b) = b + 16. Let p be v(-11). Let k(h) = 59*h + 18. What are the prime factors of k(p)?
313
Suppose -952 - 1221 = -b. Let c = b - 1221. What are the prime factors of c?
2, 7, 17
Let y be -3 + 1 + 2/2. Let w = 137 + 300. List the prime factors of (w - y)*(-6)/(-18).
2, 73
Let g = -209 + 201. What are the prime factors of 7/(-7)*(-10)/g*-348?
3, 5, 29
Let b(j) = 3*j**2 + 17*j - 16. Let s be b(-7). What are the prime factors of -15*(-4)/(s/15)?
3, 5
What are the prime factors of (-1890)/4*140/(-105)?
2, 3, 5, 7
Let u(f) = 14480*f**2 + 41*f - 36. What are the prime factors of u(1)?
5, 2